{"id":2084,"date":"2021-03-08T22:16:29","date_gmt":"2021-03-08T20:16:29","guid":{"rendered":"http:\/\/www.mg-herrath.de\/home\/?page_id=2084"},"modified":"2025-03-01T12:51:11","modified_gmt":"2025-03-01T10:51:11","slug":"begegnungsstaette-christus-koenig","status":"publish","type":"page","link":"http:\/\/www.mg-herrath.de\/home\/?page_id=2084","title":{"rendered":"Begegnungsst\u00e4tte Christus K\u00f6nig"},"content":{"rendered":"\n<p>Vor einigen Jahren wurde auf der Seidenweberstrasse 81 die Begegnungsst\u00e4tte errichtet. Das Geb\u00e4ude wird von der katholischen Kirchengemeinde Sankt Matthias unterhalten und kann f\u00fcr private Zwecke gemietet werden.<br>Der Heimatverein nutzt die R\u00e4ume f\u00fcr die\u00a0 Jahreshauptversammlung und verschiedene <a rel=\"noreferrer noopener\" aria-label=\"Im Jahr 20XX wurde auf der Seidenweberstrasse 81 die Begegnungsst\u00e4tte errichtet. Das Geb\u00e4ude wird von der katholischen Kirchengemeinde Sankt Matthias unterhalten und kann f\u00fcr private Zwecke gemietet werden.\nDer Heimatverein nutzt die R\u00e4ume f\u00fcr die\u00a0 Jahreshauptversammlung und verschiedene Veranstaltungen, wie die Herbstkirmes oder der Spielenachmittag, finden hier statt.\nAuch die nahegelegene Grundschule Beckrath h\u00e4lt hier regelm\u00e4\u00dfig den Schulgottesdienst ab. \n\n (\u00f6ffnet in neuem Tab)\" href=\"http:\/\/www.mg-herrath.de\/home\/?page_id=1857\" target=\"_blank\">Veranstaltungen<\/a>, wie die <a rel=\"noreferrer noopener\" aria-label=\"Im Jahr 20XX wurde auf der Seidenweberstrasse 81 die Begegnungsst\u00e4tte errichtet. Das Geb\u00e4ude wird von der katholischen Kirchengemeinde Sankt Matthias unterhalten und kann f\u00fcr private Zwecke gemietet werden.\nDer Heimatverein h\u00e4lt hier seine Jahreshauptversammlung ab und verschiedene Veranstaltungen, wie die Herbstkirmes oder der Spielenachmittag, finden hier statt.\nAuch die nahegelegene Grundschule Beckrath h\u00e4lt hier regelm\u00e4\u00dfig den Schulgottesdienst ab. \n\n (\u00f6ffnet in neuem Tab)\" href=\"http:\/\/www.mg-herrath.de\/home\/?page_id=2034\" target=\"_blank\">Herbstkirmes<\/a> oder den <a rel=\"noreferrer noopener\" href=\"http:\/\/www.mg-herrath.de\/home\/?page_id=2112\" data-type=\"page\" data-id=\"2112\" target=\"_blank\">Spielenachmittag<\/a>.<br>Auch die nahegelegene Grundschule Beckrath h\u00e4lt hier regelm\u00e4\u00dfig den Schulgottesdienst ab. <br><\/p>\n\n\n\n<p><a href=\"https:\/\/sankt-matthias-wickrath.de\/gemeinden\/begegnungsstaette-christus-koenig\/vermietung\/index.html\" target=\"_blank\" rel=\"noreferrer noopener\">Vermietung<\/a><br><\/p>\n","protected":false},"excerpt":{"rendered":"<p>Vor einigen Jahren wurde auf der Seidenweberstrasse 81 die Begegnungsst\u00e4tte errichtet. Das Geb\u00e4ude wird von der katholischen Kirchengemeinde Sankt Matthias unterhalten und kann f\u00fcr private Zwecke gemietet werden.Der Heimatverein nutzt die R\u00e4ume f\u00fcr die\u00a0 Jahreshauptversammlung und verschiedene Veranstaltungen, wie die Herbstkirmes oder den Spielenachmittag.Auch die nahegelegene Grundschule Beckrath h\u00e4lt hier regelm\u00e4\u00dfig den Schulgottesdienst ab. Vermietung<\/p>\n","protected":false},"author":4,"featured_media":0,"parent":1886,"menu_order":30,"comment_status":"closed","ping_status":"closed","template":"","meta":{"spay_email":""},"jetpack_sharing_enabled":true,"jetpack_shortlink":"https:\/\/wp.me\/P6a3IJ-xC","_links":{"self":[{"href":"http:\/\/www.mg-herrath.de\/home\/index.php?rest_route=\/wp\/v2\/pages\/2084"}],"collection":[{"href":"http:\/\/www.mg-herrath.de\/home\/index.php?rest_route=\/wp\/v2\/pages"}],"about":[{"href":"http:\/\/www.mg-herrath.de\/home\/index.php?rest_route=\/wp\/v2\/types\/page"}],"author":[{"embeddable":true,"href":"http:\/\/www.mg-herrath.de\/home\/index.php?rest_route=\/wp\/v2\/users\/4"}],"replies":[{"embeddable":true,"href":"http:\/\/www.mg-herrath.de\/home\/index.php?rest_route=%2Fwp%2Fv2%2Fcomments&post=2084"}],"version-history":[{"count":12,"href":"http:\/\/www.mg-herrath.de\/home\/index.php?rest_route=\/wp\/v2\/pages\/2084\/revisions"}],"predecessor-version":[{"id":2840,"href":"http:\/\/www.mg-herrath.de\/home\/index.php?rest_route=\/wp\/v2\/pages\/2084\/revisions\/2840"}],"up":[{"embeddable":true,"href":"http:\/\/www.mg-herrath.de\/home\/index.php?rest_route=\/wp\/v2\/pages\/1886"}],"wp:attachment":[{"href":"http:\/\/www.mg-herrath.de\/home\/index.php?rest_route=%2Fwp%2Fv2%2Fmedia&parent=2084"}],"curies":[{"name":"wp","href":"https:\/\/api.w.org\/{rel}","templated":true}]}}