{"id":2095,"date":"2021-03-08T22:34:42","date_gmt":"2021-03-08T20:34:42","guid":{"rendered":"http:\/\/www.mg-herrath.de\/home\/?page_id=2095"},"modified":"2021-03-11T16:40:34","modified_gmt":"2021-03-11T14:40:34","slug":"gewerbe-in-herrath","status":"publish","type":"page","link":"http:\/\/www.mg-herrath.de\/home\/?page_id=2095","title":{"rendered":"Gewerbe in Herrath"},"content":{"rendered":"\n<p>Neben zwei landwirtschaftliche Betrieben, sind in Herrath weitere Betriebe ans\u00e4ssig:<\/p>\n\n\n\n<ul><li><a rel=\"noreferrer noopener\" aria-label=\"Antriebstechnik\u2028Autoreparaturen\u2028Dachdecker\u2028Dienstleistung im Bereich Elektronik 2X\u2028DJ and More Vermietung f\u00fcr Partyequipment\u2028Fischr\u00e4ucherei\u2028Fliesenleger\u2028Fruchtsafthersteller\u2028Gastst\u00e4tte\u2028Layout und Grafikdesign\u2028Lokale Zeitschriften Agentur\u2028Maler\u2028Motorr\u00e4der Zubeh\u00f6r und Accessoires\u2028Nagelstudio\u2028Naturheilpraxis\u2028Party Service\u2028Personal Training\n\u2028Praxis f\u00fcr Sprachheilkunde\u2028Rockband\u2028Tannenbaumverkauf\u2028Werbetechnik (\u00f6ffnet in neuem Tab)\" href=\"https:\/\/www.pietzko.de\/\" target=\"_blank\">Dachdecker<\/a><\/li><li>Dienstleistung im Bereich Elektronik<br><\/li><li>DJ and More Vermietung f\u00fcr Partyequipment<\/li><li><a rel=\"noreferrer noopener\" aria-label=\"Antriebstechnik\u2028Autoreparaturen\u2028Dachdecker\u2028Dienstleistung im Bereich Elektronik 2X\u2028DJ and More Vermietung f\u00fcr Partyequipment\u2028Fischr\u00e4ucherei\u2028Fliesenleger\u2028Fruchtsafthersteller\u2028Gastst\u00e4tte\u2028Layout und Grafikdesign\u2028Lokale Zeitschriften Agentur\u2028Maler\u2028Motorr\u00e4der Zubeh\u00f6r und Accessoires\u2028Nagelstudio\u2028Naturheilpraxis\u2028Party Service\u2028Personal Training\n\u2028Praxis f\u00fcr Sprachheilkunde\u2028Rockband\u2028Tannenbaumverkauf\u2028Werbetechnik (\u00f6ffnet in neuem Tab)\" href=\"https:\/\/www.refresco.de\/de\/\" target=\"_blank\">Fruchtsafthersteller<\/a><\/li><li>Gastst\u00e4tte<\/li><li>Layout und Grafikdesign<\/li><li><a rel=\"noreferrer noopener\" aria-label=\"Antriebstechnik\u2028Autoreparaturen\u2028Dachdecker\u2028Dienstleistung im Bereich Elektronik 2X\u2028DJ and More Vermietung f\u00fcr Partyequipment\u2028Fischr\u00e4ucherei\u2028Fliesenleger\u2028Fruchtsafthersteller\u2028Gastst\u00e4tte\u2028Layout und Grafikdesign\u2028Lokale Zeitschriften Agentur\u2028Maler\u2028Motorr\u00e4der Zubeh\u00f6r und Accessoires\u2028Nagelstudio\u2028Naturheilpraxis\u2028Party Service\u2028Personal Training\n\u2028Praxis f\u00fcr Sprachheilkunde\u2028Rockband\u2028Tannenbaumverkauf\u2028Werbetechnik (\u00f6ffnet in neuem Tab)\" href=\"https:\/\/niers-magazin.de\/\" target=\"_blank\">Lokale Zeitschriften Agentur<\/a><\/li><li>Maler<\/li><li>Motorr\u00e4der Zubeh\u00f6r und Accessoires<\/li><li><a rel=\"noreferrer noopener\" aria-label=\"Antriebstechnik\u2028Autoreparaturen\u2028Dachdecker\u2028Dienstleistung im Bereich Elektronik 2X\u2028DJ and More Vermietung f\u00fcr Partyequipment\u2028Fischr\u00e4ucherei\u2028Fliesenleger\u2028Fruchtsafthersteller\u2028Gastst\u00e4tte\u2028Layout und Grafikdesign\u2028Lokale Zeitschriften Agentur\u2028Maler\u2028Motorr\u00e4der Zubeh\u00f6r und Accessoires\u2028Nagelstudio\u2028Naturheilpraxis\u2028Party Service\u2028Personal Training\n\u2028Praxis f\u00fcr Sprachheilkunde\u2028Rockband\u2028Tannenbaumverkauf\u2028Werbetechnik (\u00f6ffnet in neuem Tab)\" href=\"https:\/\/personal-training-charmaine-gierling-1.jimdosite.com\/\" target=\"_blank\">Personal Training<\/a><br><\/li><li><a rel=\"noreferrer noopener\" aria-label=\"Antriebstechnik\u2028Autoreparaturen\u2028Dachdecker\u2028Dienstleistung im Bereich Elektronik 2X\u2028DJ and More Vermietung f\u00fcr Partyequipment\u2028Fischr\u00e4ucherei\u2028Fliesenleger\u2028Fruchtsafthersteller\u2028Gastst\u00e4tte\u2028Layout und Grafikdesign\u2028Lokale Zeitschriften Agentur\u2028Maler\u2028Motorr\u00e4der Zubeh\u00f6r und Accessoires\u2028Nagelstudio\u2028Naturheilpraxis\u2028Party Service\u2028Personal Training\n\u2028Praxis f\u00fcr Sprachheilkunde\u2028Rockband\u2028Tannenbaumverkauf\u2028Werbetechnik (\u00f6ffnet in neuem Tab)\" href=\"http:\/\/wayne-music.de\/\" target=\"_blank\">Rockband<\/a><\/li><li>Tagesmutter Zauberhaft<br><\/li><li><a rel=\"noreferrer noopener\" aria-label=\"Antriebstechnik\u2028Autoreparaturen\u2028Dachdecker\u2028Dienstleistung im Bereich Elektronik 2X\u2028DJ and More Vermietung f\u00fcr Partyequipment\u2028Fischr\u00e4ucherei\u2028Fliesenleger\u2028Fruchtsafthersteller\u2028Gastst\u00e4tte\u2028Layout und Grafikdesign\u2028Lokale Zeitschriften Agentur\u2028Maler\u2028Motorr\u00e4der Zubeh\u00f6r und Accessoires\u2028Nagelstudio\u2028Naturheilpraxis\u2028Party Service\u2028Personal Training\n\u2028Praxis f\u00fcr Sprachheilkunde\u2028Rockband\u2028Tannenbaumverkauf\u2028Werbetechnik (\u00f6ffnet in neuem Tab)\" href=\"http:\/\/www.halveshof.de\/\" target=\"_blank\">Tannenbaumverkauf<\/a><\/li><li><a rel=\"noreferrer noopener\" aria-label=\"Antriebstechnik\u2028Autoreparaturen\u2028Dachdecker\u2028Dienstleistung im Bereich Elektronik 2X\u2028DJ and More Vermietung f\u00fcr Partyequipment\u2028Fischr\u00e4ucherei\u2028Fliesenleger\u2028Fruchtsafthersteller\u2028Gastst\u00e4tte\u2028Layout und Grafikdesign\u2028Lokale Zeitschriften Agentur\u2028Maler\u2028Motorr\u00e4der Zubeh\u00f6r und Accessoires\u2028Nagelstudio\u2028Naturheilpraxis\u2028Party Service\u2028Personal Training\n\u2028Praxis f\u00fcr Sprachheilkunde\u2028Rockband\u2028Tannenbaumverkauf\u2028Werbetechnik (\u00f6ffnet in neuem Tab)\" href=\"http:\/\/www.beschriftungen-moenchengladbach.de\/\" target=\"_blank\">Werbetechnik<\/a><\/li><\/ul>\n","protected":false},"excerpt":{"rendered":"<p>Neben zwei landwirtschaftliche Betrieben, sind in Herrath weitere Betriebe ans\u00e4ssig: Dachdecker Dienstleistung im Bereich Elektronik DJ and More Vermietung f\u00fcr Partyequipment Fruchtsafthersteller Gastst\u00e4tte Layout und Grafikdesign Lokale Zeitschriften Agentur Maler Motorr\u00e4der Zubeh\u00f6r und Accessoires Personal Training Rockband Tagesmutter Zauberhaft Tannenbaumverkauf Werbetechnik<\/p>\n","protected":false},"author":4,"featured_media":0,"parent":1886,"menu_order":40,"comment_status":"closed","ping_status":"closed","template":"","meta":{"spay_email":""},"jetpack_sharing_enabled":true,"jetpack_shortlink":"https:\/\/wp.me\/P6a3IJ-xN","_links":{"self":[{"href":"http:\/\/www.mg-herrath.de\/home\/index.php?rest_route=\/wp\/v2\/pages\/2095"}],"collection":[{"href":"http:\/\/www.mg-herrath.de\/home\/index.php?rest_route=\/wp\/v2\/pages"}],"about":[{"href":"http:\/\/www.mg-herrath.de\/home\/index.php?rest_route=\/wp\/v2\/types\/page"}],"author":[{"embeddable":true,"href":"http:\/\/www.mg-herrath.de\/home\/index.php?rest_route=\/wp\/v2\/users\/4"}],"replies":[{"embeddable":true,"href":"http:\/\/www.mg-herrath.de\/home\/index.php?rest_route=%2Fwp%2Fv2%2Fcomments&post=2095"}],"version-history":[{"count":10,"href":"http:\/\/www.mg-herrath.de\/home\/index.php?rest_route=\/wp\/v2\/pages\/2095\/revisions"}],"predecessor-version":[{"id":2249,"href":"http:\/\/www.mg-herrath.de\/home\/index.php?rest_route=\/wp\/v2\/pages\/2095\/revisions\/2249"}],"up":[{"embeddable":true,"href":"http:\/\/www.mg-herrath.de\/home\/index.php?rest_route=\/wp\/v2\/pages\/1886"}],"wp:attachment":[{"href":"http:\/\/www.mg-herrath.de\/home\/index.php?rest_route=%2Fwp%2Fv2%2Fmedia&parent=2095"}],"curies":[{"name":"wp","href":"https:\/\/api.w.org\/{rel}","templated":true}]}}