{"id":2632,"date":"2022-10-06T21:54:05","date_gmt":"2022-10-06T19:54:05","guid":{"rendered":"http:\/\/www.mg-herrath.de\/home\/?page_id=2632"},"modified":"2022-10-06T21:54:40","modified_gmt":"2022-10-06T19:54:40","slug":"fahrradtour","status":"publish","type":"page","link":"http:\/\/www.mg-herrath.de\/home\/?page_id=2632","title":{"rendered":"Fahrradtour"},"content":{"rendered":"\n<blockquote class=\"wp-block-quote\"><p>Wer rastet, der rostet.<\/p><\/blockquote>\n\n\n\n<p>Treu nach diesem Motto treffen sich die Herratherinnen und Herrather einmal im Jahr zu einer kleinen Fahrradtour. <br>Die Touren sind ca. 40 km lang, f\u00fcr Jung und Alt leicht zu bew\u00e4ltigen. Wo uns unsere Tour im Sommer 2020 hinf\u00fchrte, kann <a rel=\"noreferrer noopener\" href=\"http:\/\/www.mg-herrath.de\/home\/?page_id=1973\" target=\"_blank\">hier<\/a> nachgelesen werden<\/p>\n","protected":false},"excerpt":{"rendered":"<p>Wer rastet, der rostet. Treu nach diesem Motto treffen sich die Herratherinnen und Herrather einmal im Jahr zu einer kleinen Fahrradtour. Die Touren sind ca. 40 km lang, f\u00fcr Jung und Alt leicht zu bew\u00e4ltigen. Wo uns unsere Tour im Sommer 2020 hinf\u00fchrte, kann hier nachgelesen werden<\/p>\n","protected":false},"author":4,"featured_media":0,"parent":1857,"menu_order":11,"comment_status":"closed","ping_status":"closed","template":"","meta":{"spay_email":""},"jetpack_sharing_enabled":true,"jetpack_shortlink":"https:\/\/wp.me\/P6a3IJ-Gs","_links":{"self":[{"href":"http:\/\/www.mg-herrath.de\/home\/index.php?rest_route=\/wp\/v2\/pages\/2632"}],"collection":[{"href":"http:\/\/www.mg-herrath.de\/home\/index.php?rest_route=\/wp\/v2\/pages"}],"about":[{"href":"http:\/\/www.mg-herrath.de\/home\/index.php?rest_route=\/wp\/v2\/types\/page"}],"author":[{"embeddable":true,"href":"http:\/\/www.mg-herrath.de\/home\/index.php?rest_route=\/wp\/v2\/users\/4"}],"replies":[{"embeddable":true,"href":"http:\/\/www.mg-herrath.de\/home\/index.php?rest_route=%2Fwp%2Fv2%2Fcomments&post=2632"}],"version-history":[{"count":4,"href":"http:\/\/www.mg-herrath.de\/home\/index.php?rest_route=\/wp\/v2\/pages\/2632\/revisions"}],"predecessor-version":[{"id":2636,"href":"http:\/\/www.mg-herrath.de\/home\/index.php?rest_route=\/wp\/v2\/pages\/2632\/revisions\/2636"}],"up":[{"embeddable":true,"href":"http:\/\/www.mg-herrath.de\/home\/index.php?rest_route=\/wp\/v2\/pages\/1857"}],"wp:attachment":[{"href":"http:\/\/www.mg-herrath.de\/home\/index.php?rest_route=%2Fwp%2Fv2%2Fmedia&parent=2632"}],"curies":[{"name":"wp","href":"https:\/\/api.w.org\/{rel}","templated":true}]}}