{"id":79,"date":"2014-03-05T14:03:24","date_gmt":"2014-03-05T12:03:24","guid":{"rendered":"http:\/\/www.mg-herrath.de\/home\/?page_id=79"},"modified":"2026-02-20T10:56:59","modified_gmt":"2026-02-20T08:56:59","slug":"startseit","status":"publish","type":"page","link":"http:\/\/www.mg-herrath.de\/home\/?page_id=79","title":{"rendered":"Der Vorstand"},"content":{"rendered":"<div class=\"wp-block-image\">\n<figure class=\"aligncenter size-full is-resized\"><a href=\"https:\/\/www.mg-herrath.de\/home\/wp-content\/uploads\/2026\/02\/erdmaennchengruppe.webp\"><img loading=\"lazy\" src=\"https:\/\/www.mg-herrath.de\/home\/wp-content\/uploads\/2026\/02\/erdmaennchengruppe.webp\" alt=\"\" class=\"wp-image-2854\" width=\"416\" height=\"285\"\/><\/a><figcaption><br>Vorstand des <em>Vereins f\u00fcr Heimat- und Denkmalpflege Herrath e. V.<\/em><br>Foto vom aktuellen Vorstand folgt<br><\/figcaption><\/figure><\/div>\n\n\n<p>In der Hauptversammlung vom 19.02.2026 wurden gew\u00e4hlt:<\/p>\n\n\n\n<figure class=\"wp-block-table\"><table><tbody><tr><td><strong>1. Vorsitzende<\/strong>   <br><br><\/td><td>Michele Dicken-Kivelitz<br>Herrather Linde 92<\/td><td>michele.dicken[at]mg-herrath.de<\/td><td><br><\/td><\/tr><tr><td><strong>2. Vorsitzender<\/strong><br><br><\/td><td>Marcus Schmelzer<br>Seidenweberstra\u00dfe 63a<\/td><td>marcus.schmelzer[at]mg-herrath.de<\/td><td><\/td><\/tr><tr><td><strong>1. Kassiererin<\/strong><\/td><td>Steffie Steckel<br>Herrather Linde 1<\/td><td>steffie.steckel[at]mg-herrath.de<\/td><td><\/td><\/tr><tr><td><strong>2. Kassiererin<\/strong><\/td><td>Julia Schmaus<br>Seidenweberstr. 68<\/td><td>julia.schmaus[at]mg-herrath.de<\/td><td><\/td><\/tr><tr><td><strong>1. Schriftf\u00fchrer<\/strong><br><\/td><td>J\u00f6rg Wermuth<br>Herrather Linde 94<\/td><td>joerg.wermuth[at]mg-herrath.de<\/td><td><\/td><\/tr><tr><td><strong>2. Schriftf\u00fchrerin<\/strong><\/td><td>Nina Pardon<br>Singenpfad 5<\/td><td>nina.pardon[at]mg-herrath.de<\/td><td><\/td><\/tr><tr><td><strong>Beisitzerin<\/strong><br><br><\/td><td>Doris Heck-Paulussen<br>Laurentiusstr. 29<\/td><td>doris.heck-paulussen[at]mg-herrath.de<\/td><td><\/td><\/tr><tr><td><strong>Beisitzer<\/strong><\/td><td>Frank Viand<br>Am Emil Esser Platz 7<\/td><td>frank.viand[at]mg-herrath.de<\/td><td><\/td><\/tr><tr><td><strong>Beisitzer<\/strong><\/td><td>Ron Frentzen<br>Singenpfad 5<\/td><td>ron.frentzen[at]mg-herrath.de<\/td><td><\/td><\/tr><tr><td><strong>Beisitzer<\/strong><\/td><td>Chris Krimmler<br>Seidenweberstr. 68<\/td><td>christopher.krimmler[at]mg-herrath.de<\/td><td><\/td><\/tr><tr><td><strong>Beisitzer<\/strong><\/td><td>Veit Kessel<br>Seidenweberstr. 17<\/td><td>veit.kessel[at]mg-herrath.de<\/td><td><\/td><\/tr><tr><td><strong>FFW Gesandter<\/strong><br><br><\/td><td>Stefan Schmitz<br>Seidenweberstr. 7<\/td><td>einheit-herrath[at]feuerwehr-mg.de<\/td><td><\/td><\/tr><\/tbody><\/table><figcaption>Wir m\u00f6chten Sie bitten, wenn Sie unseren Vorstand per e-Mail kontaktieren, das [at] durch ein @ &#8211; Zeichen zu ersetzen.<\/figcaption><\/figure>\n\n\n\n<p><br><\/p>\n","protected":false},"excerpt":{"rendered":"<p>In der Hauptversammlung vom 19.02.2026 wurden gew\u00e4hlt: 1. Vorsitzende Michele Dicken-KivelitzHerrather Linde 92 michele.dicken[at]mg-herrath.de 2. Vorsitzender Marcus SchmelzerSeidenweberstra\u00dfe 63a marcus.schmelzer[at]mg-herrath.de 1. Kassiererin Steffie SteckelHerrather Linde 1 steffie.steckel[at]mg-herrath.de 2. Kassiererin Julia SchmausSeidenweberstr. 68 julia.schmaus[at]mg-herrath.de 1. Schriftf\u00fchrer J\u00f6rg WermuthHerrather Linde 94 joerg.wermuth[at]mg-herrath.de 2. Schriftf\u00fchrerin Nina PardonSingenpfad 5 nina.pardon[at]mg-herrath.de Beisitzerin Doris Heck-PaulussenLaurentiusstr. 29 doris.heck-paulussen[at]mg-herrath.de Beisitzer Frank ViandAm Emil [&hellip;]<\/p>\n","protected":false},"author":4,"featured_media":0,"parent":1855,"menu_order":20,"comment_status":"closed","ping_status":"closed","template":"page-templates\/front-page.php","meta":{"spay_email":""},"jetpack_sharing_enabled":true,"jetpack_shortlink":"https:\/\/wp.me\/P6a3IJ-1h","_links":{"self":[{"href":"http:\/\/www.mg-herrath.de\/home\/index.php?rest_route=\/wp\/v2\/pages\/79"}],"collection":[{"href":"http:\/\/www.mg-herrath.de\/home\/index.php?rest_route=\/wp\/v2\/pages"}],"about":[{"href":"http:\/\/www.mg-herrath.de\/home\/index.php?rest_route=\/wp\/v2\/types\/page"}],"author":[{"embeddable":true,"href":"http:\/\/www.mg-herrath.de\/home\/index.php?rest_route=\/wp\/v2\/users\/4"}],"replies":[{"embeddable":true,"href":"http:\/\/www.mg-herrath.de\/home\/index.php?rest_route=%2Fwp%2Fv2%2Fcomments&post=79"}],"version-history":[{"count":75,"href":"http:\/\/www.mg-herrath.de\/home\/index.php?rest_route=\/wp\/v2\/pages\/79\/revisions"}],"predecessor-version":[{"id":2857,"href":"http:\/\/www.mg-herrath.de\/home\/index.php?rest_route=\/wp\/v2\/pages\/79\/revisions\/2857"}],"up":[{"embeddable":true,"href":"http:\/\/www.mg-herrath.de\/home\/index.php?rest_route=\/wp\/v2\/pages\/1855"}],"wp:attachment":[{"href":"http:\/\/www.mg-herrath.de\/home\/index.php?rest_route=%2Fwp%2Fv2%2Fmedia&parent=79"}],"curies":[{"name":"wp","href":"https:\/\/api.w.org\/{rel}","templated":true}]}}